b) = -b**2 + b - 4. What is l(i)?
-4
Let v(l) = l**2 + l - 1. Let r(k) = 3*k**2 - 4*k + 2. Let p(t) = -r(t) + 2*v(t). Calculate p(4).
4
Suppose t + 4*l + 1 = 0, t - 2 + 4 = -5*l. Let m(c) = -3*c**3 - t - 2 + 2*c**3. Let q = 74 + -74. Give m(q).
-5
Let z(r) = 10*r + 2 - 2 - 3*r. Give z(1).
7
Let x = 16 + -13. Let q be (3/6)/((-2)/(-16)). Let b(w) = -2 - w**x + q*w**2 + 1 - 2*w**2. Determine b(2).
-1
Let r(x) be the first derivative of x**3/3 - 3*x**2 + 9*x - 53. Let m(s) = s**3 + 5*s**2 + 3*s - 3. Let h be m(-3). Calculate r(h).
9
Let y(l) = -11*l**3 + 20*l**2 - 17*l + 8. Let x(b) = -4*b**3 + 7*b**2 - 6*b + 3. Let z(a) = -8*x(a) + 3*y(a). Suppose 4*d + 3 = 5*d. What is z(d)?
0
Suppose 2*j - j = -5*d + 23, j = -d + 3. Let i(h) be the first derivative of h**2/2 - 12*h + 1. Calculate i(d).
-7
Suppose -2*m + 1 = 3. Let a(c) = -c + 0*c - 10*c - 1. Determine a(m).
10
Let m be (1 + 0)/((-4)/8). Let h = 0 - -2. Let a(c) = 2*c**2 + c**2 - c - h + 3*c. Calculate a(m).
6
Suppose 2*x + 6 = 5*x. Let h(p) = -5*p + 1. Determine h(x).
-9
Let j(o) = o**3 + o**2 + o - 1. Let v(s) = s - 2. Let h(p) = j(p) - v(p). Let c(g) = -2*g**3 + g**2 - g - 3. Let i(y) = c(y) + 3*h(y). Give i(-4).
4
Let t(l) = 18*l - 5. Let c(k) = -17*k + 4. Let x(u) = -6*c(u) - 5*t(u). What is x(1)?
13
Let c(r) = -4*r - 1. Let d(w) = 3*w + 1. Let a(m) = -4*c(m) - 5*d(m). Let j(p) = -6*p + 6. Let z(k) = 5*a(k) + j(k). Let q be ((-1)/(-2))/(2/(-20)). Give z(q).
6
Let w(z) = -4*z - 7. Let f(t) = 3*t + 5. Let b(m) = -7*f(m) - 5*w(m). Let y = 81 - 81. Determine b(y).
0
Let v(s) = -3*s - 2. Let d(b) = 4*b + 2. Let r(n) = -4*d(n) - 5*v(n). Let j(i) = -3*i + 5. Let p(q) = 6*j(q) - 17*r(q). What is p(4)?
-8
Let v(s) = 3*s**3 + 2*s**2 - s. Let a(r) be the first derivative of 4*r**4 + 11*r**3/3 - 2*r**2 + r + 2. Let m(h) = 2*a(h) - 11*v(h). Give m(-2).
4
Suppose 47 = 2*y + 3*v, 3*y = 8*y + 5*v - 105. Suppose 0 = 3*s + 4*i - y, -3*i = 4*s - 8*i - 11. Suppose -1 = q + s. Let x(m) = m**2 + 5*m - 4. What is x(q)?
-4
Suppose q = 5*v + 19 - 6, -6 = 3*v. Let r(k) = k**2 + k**3 + q*k - 4*k**2 - 4*k. What is r(3)?
-3
Let q(d) = -5*d + 2*d + 8*d - d**3 - 6*d**2 - 10. Give q(-7).
4
Let j(f) = 4*f + 2. Suppose -a + 2*o + 24 = 0, -3*a + 2*o + o = -75. Let w be (-2)/3*117/a. Give j(w).
-10
Let g(l) = -l. Let u be g(-5). Suppose -2*y - 11 - 4 = -h, 25 = -5*y. Let i(m) = 5*m + 7 - h*m - 2*m. Determine i(u).
-3
Let p(y) = 25*y**2 - 5*y + 7. Let h(x) = -38*x**2 + 7*x - 10. Let s(i) = -5*h(i) - 7*p(i). What is s(-1)?
16
Let z(g) = 3 + 5*g + 6*g - 13*g. What is z(-5)?
13
Let t(j) = j**3 + 11*j**2 - 2*j + 20. Let f(w) = w**3 + 11*w**2 - w + 19. Let z(h) = -4*f(h) + 3*t(h). What is z(-11)?
6
Suppose -2*x + 3*g + 13 = 0, -6*x + g + 11 = -2*x. Suppose -x*p + 4*m = -0*p + 12, 3*p = -3*m + 18. Suppose 0 = p*h - 5*h + 3. Let y(q) = q - 1. What is y(h)?
0
Let h = 11 - 8. Let t(k) = 3*k**2 - 4*k. What is t(h)?
15
Let g = -6 + 12. Suppose 2*p + 2*b = 4*b + 18, -4*p - 2*b = -g. Let c(f) = f**2 - 4*f - 4. Calculate c(p).
-4
Suppose 5*o - 12 = 3. Let j = 2 - 1. Let t(u) = u - j + 4 + o + 0*u. Determine t(-5).
1
Let b(t) = -t**3 + 3*t**2 + 5*t - 4. Let d = 35 - 32. Determine b(d).
11
Let h = -35 + 28. Let p(d) = d + 10. Determine p(h).
3
Let u(m) = m**3 + 5*m**2 - 4. Suppose -4*d = 2*o, 2*o = -5*d - 2*o - 3. Let y(n) = n**2 + n - 1. Let w be y(0). Let r be w + -3 + (0 - d). Determine u(r).
-4
Let t(s) = 3*s**2 + 2*s - 3. Suppose 5*c - 2*j = -0*j - 17, 2*j - 11 = 3*c. Give t(c).
18
Let t(r) = r**2 - 14 - 6*r + 11 + 4*r. Determine t(4).
5
Let k(o) = o**3 + 5*o**2 + 6. Let y(r) be the second derivative of -1/3*r**3 + 7/2*r**2 + 0 - 3*r. Let v be y(6). Calculate k(v).
6
Let m(g) be the third derivative of -g**4/24 + 5*g**3/6 + 5*g**2 + 4*g. Calculate m(5).
0
Let y(f) = -3*f**2 + 2*f. Let k(v) = v**2. Let s(j) = 2*k(j) + y(j). What is s(3)?
-3
Let o(b) be the first derivative of -5*b**3/3 - b - 13. Calculate o(1).
-6
Let w(n) = 0*n - n - 1 + 3. Let i be w(0). Let j(a) = a**2 + 2*a - 2. Determine j(i).
6
Let l = -3 - -8. Suppose 8 = l*k - k. Let j(g) = g**3 + 3*g**2 - 3*g + 1. Let f(a) = a**3 + a**2 - a. Let d(v) = 2*f(v) - j(v). Give d(k).
5
Let l(y) = -8*y**2 + 2*y + 7. Let g(c) = 4*c**2 - c - 4. Let k(b) = -7*g(b) - 4*l(b). What is k(1)?
3
Let o(w) = -w**2 + 5*w + 6. Let v be o(6). Suppose 5*i + 2*s - 12 = 0, -s - 20 = -4*i - v*i. Let a(u) = u**2 - 6*u + 6. Calculate a(i).
-2
Let r(s) be the second derivative of -2/3*s**3 + 1/2*s**2 - 1/6*s**4 + 1/60*s**5 - 4*s + 0. Let j(z) be the first derivative of r(z). Calculate j(5).
1
Let d(q) = 22*q**3 - 2*q + 5*q**2 - 6 - 21*q**3 + 0*q. Calculate d(-5).
4
Let w(k) = 1. Let q(x) = x - 10. Let t(y) = -q(y) - 6*w(y). Let d(n) = n**2 - 5*n + 3. Let v be d(5). What is t(v)?
1
Let h = -1 + 1. Let u(a) = 30 + a + 34 - 58 - 2*a. What is u(h)?
6
Let x(c) = -c**2 - 5*c - 2. Let b(y) = -y**3 + 4*y**2 + 7*y - 7. Let m be b(5). Suppose -2*n = m*t - t, -2*n = 5*t - 15. Determine x(n).
-2
Let f = -9 - -9. Let y(c) = 0*c + 2 - 4 + 4*c + f. Give y(4).
14
Let c(x) be the second derivative of 7*x**3/6 + x**2 - 3*x. Let m(u) = 13*u + 4. Let b(i) = -11*c(i) + 6*m(i). Give b(3).
5
Let o(z) = z**3 - 10*z**2 + 10*z - 6. Let n be o(9). Let a(d) = 2*d - n*d - d**2 - d**2 + 2 - 1. Suppose -5*y = -3*y - 2. Give a(y).
-2
Let d(a) be the first derivative of a**3/3 - 10*a - 1. Suppose 3*t + r = 6*r + 38, -2*r = 8. Suppose -h = -t*h. Calculate d(h).
-10
Let n(r) be the third derivative of -r**4/12 + r**3/6 + 2*r**2. Let w(b) = 5*b - 3. Let i(l) = -8*n(l) - 3*w(l). Calculate i(-6).
-5
Let a(g) = -3*g. Let z be a(1). Let n be (-8)/6*z/(-2). Let t(s) = -4*s - 3. Calculate t(n).
5
Let i be 33/(-6) - 6/(-4). Let n(r) be the second derivative of -r**3/6 + r**2/2 + 27*r. Determine n(i).
5
Let d(t) = 2*t**2 + 2*t + 3. Let k(q) = q**2. Let u(w) = d(w) - 3*k(w). Let f be (-2*(-1)/2)/(-1). Let z = f - -4. Calculate u(z).
0
Suppose 3*h + 29 - 86 = -l, 0 = -3*h - 4*l + 57. Suppose 5*x - 6 = h. Let i(g) = g**3 - 5*g**2 - g - 1. Determine i(x).
-6
Let g(d) = -2*d + 9. Suppose -q + 5 = m, 4*m - m - 17 = -q. Determine g(m).
-3
Let o(p) = p**3 + 8*p**2 + 5*p + 4. Let m be o(-7). Suppose 4*f - 5*f + m = 0. Suppose 0*z = 3*z - f. Let s(t) = -t**3 + 7*t**2 - 7*t + 7. Calculate s(z).
1
Let v(f) = -f**2 + f. Suppose 3*a - 5 = -2*a. Let b(r) = -4*r**2 - 3*r - 2. Let n(p) = a*b(p) - 3*v(p). Calculate n(-4).
6
Let x be (2/(-4))/((-2)/24). Suppose 4*w = x*w - 6. Let y(k) = 2*k - 1. Calculate y(w).
5
Let o(b) be the first derivative of b**4/4 - b**3/3 + b**2/2 - 9*b + 42. What is o(0)?
-9
Let q(b) = -b + 1. Let i(x) be the second derivative of -7*x**3/6 + x**2/2 - 3*x. Let g(l) = i(l) - 3*q(l). Calculate g(-3).
10
Let d(i) = -2*i - 2. Let l be d(-2). Let n(s) = -5*s**3 - s**3 + 4*s - l + 5*s**3 + 3*s**2 - 4. Suppose u - 4*p + 4 = 0, -2*p = u + 7 - 15. Determine n(u).
-6
Let p = -5 - -8. Let q(o) = -o**2 - 3*o + 3. Give q(p).
-15
Suppose 3 = 2*n + 13. Let q(a) = -6 + a**3 + 6*a**2 + a + 3*a + a. Determine q(n).
-6
Let v(t) = 254*t**2 - 1 + 1 - 253*t**2 - t**3. Give v(-2).
12
Let u(r) be the third derivative of 0*r + 1/8*r**4 + r**2 + 0 + 0*r**3. Determine u(2).
6
Let r(a) = -2*a - 1. Let s be r(4). Let l(b) = b**2 + 8*b - 4. Let g be l(s). Suppose -2*q = 3 + g. Let u(d) = -d**3 - 3*d**2 + 4*d + 6. Calculate u(q).
6
Let m(a) be the third derivative of -a**5/30 + a**4/12 - a**3/2 + a**2. What is m(2)?
-7
Let i be (-4)/(-14) - 48/(-28). Let w(r) = 6 + 6*r + 0 + 0 + r**3 + 5*r**2 + i*r**2. What is w(-6)?
6
Let i(x) = x**3 + 4*x**2 - 5*x + 2. Let p be i(-5). Suppose p*d - 3 = h, 0 = -5*d + h + 9. Let a(v) = -d + 4 + 8 + 1 + v. What is a(-5)?
6
Let t(y) = 5*y**2 + 2*y - 1. Let c be t(1). Let p(r) = -1 - 3 - 2*r + c. Give p(2).
-2
Let j = -4 + 8. Let w(s) = 5*s**2 - 6*s. Let o(l) = -9*l**2 + 11*l. Let q = -10 - -14. Let y(n) = q*o(n) + 7*w(n). Calculate y(j).
-8
Suppose 0 = -4*j + 2*j + 38. Let d = 30 - j. Let w = 14 - d. Let p(i) = i - 5. Calculate p(w).
-2
Let s(o) = o**2 - o - 1. Suppose -5*l - 3 = -2*l. Calculate s(l).
1
Let k(t) be the third derivative of 0 - 1/6*t**4 + 2/3*t**3 + 0*t + 1/120*t**6 + 1/20*t**5 + 2*t**2. Let f = -1 - 3. What is k(f)?
4
Let v be 21/(-4) + (-1)/(-4). Let h(b) be the first derivative of -3 - 1/4*b**4 - 3*b + 0*b**2 - 5/3*b**